{"id":425,"date":"2021-05-11T07:05:47","date_gmt":"2021-05-11T07:05:47","guid":{"rendered":"http:\/\/webnroll.es\/lili\/?page_id=425"},"modified":"2021-07-14T10:14:47","modified_gmt":"2021-07-14T10:14:47","slug":"sobre-mi","status":"publish","type":"page","link":"https:\/\/menarilifecoach.com\/index.php\/sobre-mi\/","title":{"rendered":"Sobre mi"},"content":{"rendered":"\t\t<div data-elementor-type=\"wp-page\" data-elementor-id=\"425\" class=\"elementor elementor-425\" data-elementor-settings=\"[]\">\n\t\t\t\t\t\t\t<div class=\"elementor-section-wrap\">\n\t\t\t\t\t\t\t<section class=\"elementor-section elementor-top-section elementor-element elementor-element-c04f925 elementor-section-content-middle elementor-section-boxed elementor-section-height-default elementor-section-height-default\" data-id=\"c04f925\" data-element_type=\"section\">\r\n\t\t\t\r\n\t\t\t\t\t\t\t\t\t<div class=\"elementor-container elementor-column-gap-default\">\r\n\t\t\t\t\t\t\t\t\t\t\t<div class=\"elementor-column elementor-col-50 elementor-top-column elementor-element elementor-element-cc57d5b\" data-id=\"cc57d5b\" data-element_type=\"column\">\n\t\t\t<div class=\"elementor-widget-wrap elementor-element-populated\">\n\t\t\t\t\t\t\t\t<div class=\"elementor-element elementor-element-743c396 elementor-widget elementor-widget-heading\" data-id=\"743c396\" data-element_type=\"widget\" data-widget_type=\"heading.default\">\n\t\t\t\t<div class=\"elementor-widget-container\">\n\t\t\t<h2 class=\"elementor-heading-title elementor-size-default\">menarilifecoach<\/h2>\t\t<\/div>\n\t\t\t\t<\/div>\n\t\t\t\t<div class=\"elementor-element elementor-element-7b60143 elementor-widget elementor-widget-text-editor\" data-id=\"7b60143\" data-element_type=\"widget\" data-widget_type=\"text-editor.default\">\n\t\t\t\t<div class=\"elementor-widget-container\">\n\t\t\t\t\t\t\t\t<h3>Hola soy menarilifecoach, muchos tambi\u00e9n me conocen por el nombre de<br \/>Lilly M\u00e9ndez, aunque mi nombre de pila es Silvia Lillianna M\u00e9ndez Arias.<\/h3>\t\t\t\t\t\t<\/div>\n\t\t\t\t<\/div>\n\t\t\t\t<div class=\"elementor-element elementor-element-1c92e6f elementor-widget elementor-widget-text-editor\" data-id=\"1c92e6f\" data-element_type=\"widget\" data-widget_type=\"text-editor.default\">\n\t\t\t\t<div class=\"elementor-widget-container\">\n\t\t\t\t\t\t\t\t<p>Soy life coach certificada con competencias avanzadas, PNL, certificada en IE y en la metodolog\u00eda de CoachingxValores.<\/p><p>Soy Counsellor certificada en de Apoyo psicol\u00f3gico y social en momentos de crisis, lo que me permite el acompa\u00f1ar a mis clientes y ofrecer apoyo en el duelo,<br \/>independientemente del origen del mismo.<\/p><p>Mi principal objetivo como life coach es el de ayudar a las personas para que den un giro a su forma de pensar, y de esa manera permitirse descubrir sus habilidades, que puedan visualizarse cumpliendo sus metas con un m\u00e9todo que resulta muy eficaz, es un proceso de transformaci\u00f3n que les ayudar\u00e1, siempre y cuando pongan de su parte, a desarrollar y gestionar emociones, nuevas habilidades, a potenciar sus fortalezas, conocerse mejor, motivarse y establecer objetivos medibles y alcanzables.<\/p>\t\t\t\t\t\t<\/div>\n\t\t\t\t<\/div>\n\t\t\t\t<div class=\"elementor-element elementor-element-1479a05 elementor-align-center elementor-widget elementor-widget-button\" data-id=\"1479a05\" data-element_type=\"widget\" data-widget_type=\"button.default\">\n\t\t\t\t<div class=\"elementor-widget-container\">\n\t\t\t\t\t<div class=\"elementor-button-wrapper\">\n\t\t\t<a href=\"http:\/\/webnroll.es\/lili\/wp-content\/uploads\/2021\/07\/curriculumlilly.pdf\" target=\"_blank\" class=\"elementor-button-link elementor-button elementor-size-sm\" role=\"button\">\n\t\t\t\t\t\t<span class=\"elementor-button-content-wrapper\">\n\t\t\t\t\t\t<span class=\"elementor-button-text\">Ver mi CV<\/span>\n\t\t<\/span>\n\t\t\t\t\t<\/a>\n\t\t<\/div>\n\t\t\t\t<\/div>\n\t\t\t\t<\/div>\n\t\t\t\t\t<\/div>\n\t\t<\/div>\n\t\t\t\t<div class=\"elementor-column elementor-col-50 elementor-top-column elementor-element elementor-element-003cc01\" data-id=\"003cc01\" data-element_type=\"column\">\n\t\t\t<div class=\"elementor-widget-wrap elementor-element-populated\">\n\t\t\t\t\t\t\t\t<div class=\"elementor-element elementor-element-f47b967 elementor-widget elementor-widget-image\" data-id=\"f47b967\" data-element_type=\"widget\" data-widget_type=\"image.default\">\n\t\t\t\t<div class=\"elementor-widget-container\">\n\t\t\t\t\t\t\t\t\t\t\t\t\t\t\t<img width=\"764\" height=\"531\" src=\"https:\/\/menarilifecoach.com\/wp-content\/uploads\/2021\/07\/1626257438461.jpg\" class=\"attachment-full size-full\" alt=\"\" loading=\"lazy\" srcset=\"https:\/\/menarilifecoach.com\/wp-content\/uploads\/2021\/07\/1626257438461.jpg 764w, https:\/\/menarilifecoach.com\/wp-content\/uploads\/2021\/07\/1626257438461-640x445.jpg 640w, https:\/\/menarilifecoach.com\/wp-content\/uploads\/2021\/07\/1626257438461-400x278.jpg 400w\" sizes=\"(max-width: 764px) 100vw, 764px\" \/>\t\t\t\t\t\t\t\t\t\t\t\t\t\t\t<\/div>\n\t\t\t\t<\/div>\n\t\t\t\t\t<\/div>\n\t\t<\/div>\n\t\t\t\t\t\t<\/div>\r\n\t\t\t\t<\/section>\r\n\t\t\t\t\t\t<\/div>\n\t\t\t\t\t<\/div>\n\t\t","protected":false},"excerpt":{"rendered":"<p>menarilifecoach Hola soy menarilifecoach, muchos tambi\u00e9n me conocen por el nombre deLilly M\u00e9ndez, aunque mi nombre de pila es Silvia Lillianna M\u00e9ndez Arias. Soy life coach certificada con competencias avanzadas, PNL, certificada en IE y en la metodolog\u00eda de CoachingxValores. Soy Counsellor certificada en de Apoyo psicol\u00f3gico y social en momentos de crisis, lo que [&hellip;]<\/p>\n","protected":false},"author":1,"featured_media":0,"parent":0,"menu_order":0,"comment_status":"closed","ping_status":"closed","template":"elementor_header_footer","meta":[],"_links":{"self":[{"href":"https:\/\/menarilifecoach.com\/index.php\/wp-json\/wp\/v2\/pages\/425"}],"collection":[{"href":"https:\/\/menarilifecoach.com\/index.php\/wp-json\/wp\/v2\/pages"}],"about":[{"href":"https:\/\/menarilifecoach.com\/index.php\/wp-json\/wp\/v2\/types\/page"}],"author":[{"embeddable":true,"href":"https:\/\/menarilifecoach.com\/index.php\/wp-json\/wp\/v2\/users\/1"}],"replies":[{"embeddable":true,"href":"https:\/\/menarilifecoach.com\/index.php\/wp-json\/wp\/v2\/comments?post=425"}],"version-history":[{"count":16,"href":"https:\/\/menarilifecoach.com\/index.php\/wp-json\/wp\/v2\/pages\/425\/revisions"}],"predecessor-version":[{"id":653,"href":"https:\/\/menarilifecoach.com\/index.php\/wp-json\/wp\/v2\/pages\/425\/revisions\/653"}],"wp:attachment":[{"href":"https:\/\/menarilifecoach.com\/index.php\/wp-json\/wp\/v2\/media?parent=425"}],"curies":[{"name":"wp","href":"https:\/\/api.w.org\/{rel}","templated":true}]}}